[INFO] cloning repository https://github.com/Nalwa-Jayesh/rust-web-api
[INFO] running `Command { std: "git" "-c" "credential.helper=" "-c" "credential.helper=/workspace/cargo-home/bin/git-credential-null" "clone" "--bare" "https://github.com/Nalwa-Jayesh/rust-web-api" "/workspace/cache/git-repos/https%3A%2F%2Fgithub.com%2FNalwa-Jayesh%2Frust-web-api", kill_on_drop: false }`
[INFO] [stderr] Cloning into bare repository '/workspace/cache/git-repos/https%3A%2F%2Fgithub.com%2FNalwa-Jayesh%2Frust-web-api'...
[INFO] running `Command { std: "git" "rev-parse" "HEAD", kill_on_drop: false }`
[INFO] [stdout] 172a4d52b4f6855a11ef7f56e99fa3fc643e9381
[INFO] checking Nalwa-Jayesh/rust-web-api against master#e6e4f7ed1589e03bc2f6c5931c1a72e7947e8682 for beta-170-4
[INFO] running `Command { std: "git" "clone" "/workspace/cache/git-repos/https%3A%2F%2Fgithub.com%2FNalwa-Jayesh%2Frust-web-api" "/workspace/builds/worker-5-tc2/source", kill_on_drop: false }`
[INFO] [stderr] Cloning into '/workspace/builds/worker-5-tc2/source'...
[INFO] [stderr] done.
[INFO] [stderr] Updating files:  84% (1455/1721)
Updating files:  85% (1463/1721)
Updating files:  86% (1481/1721)
Updating files:  87% (1498/1721)
Updating files:  88% (1515/1721)
Updating files:  89% (1532/1721)
Updating files:  90% (1549/1721)
Updating files:  91% (1567/1721)
Updating files:  92% (1584/1721)
Updating files:  93% (1601/1721)
Updating files:  94% (1618/1721)
Updating files:  95% (1635/1721)
Updating files:  96% (1653/1721)
Updating files:  97% (1670/1721)
Updating files:  98% (1687/1721)
Updating files:  99% (1704/1721)
Updating files: 100% (1721/1721)
Updating files: 100% (1721/1721), done.
[INFO] validating manifest of git repo https://github.com/Nalwa-Jayesh/rust-web-api on toolchain e6e4f7ed1589e03bc2f6c5931c1a72e7947e8682
[INFO] running `Command { std: CARGO_HOME="/workspace/cargo-home" RUSTUP_HOME="/workspace/rustup-home" "/workspace/cargo-home/bin/cargo" "+e6e4f7ed1589e03bc2f6c5931c1a72e7947e8682" "metadata" "--manifest-path" "Cargo.toml" "--no-deps", kill_on_drop: false }`
[INFO] started tweaking git repo https://github.com/Nalwa-Jayesh/rust-web-api
[INFO] finished tweaking git repo https://github.com/Nalwa-Jayesh/rust-web-api
[INFO] tweaked toml for git repo https://github.com/Nalwa-Jayesh/rust-web-api written to /workspace/builds/worker-5-tc2/source/Cargo.toml
[INFO] crate git repo https://github.com/Nalwa-Jayesh/rust-web-api already has a lockfile, it will not be regenerated
[INFO] running `Command { std: CARGO_HOME="/workspace/cargo-home" RUSTUP_HOME="/workspace/rustup-home" "/workspace/cargo-home/bin/cargo" "+e6e4f7ed1589e03bc2f6c5931c1a72e7947e8682" "fetch" "--manifest-path" "Cargo.toml", kill_on_drop: false }`
[INFO] running `Command { std: "docker" "create" "-v" "/var/lib/crater-agent-workspace/builds/worker-5-tc2/target:/opt/rustwide/target:rw,Z" "-v" "/var/lib/crater-agent-workspace/builds/worker-5-tc2/source:/opt/rustwide/workdir:ro,Z" "-v" "/var/lib/crater-agent-workspace/cargo-home:/opt/rustwide/cargo-home:ro,Z" "-v" "/var/lib/crater-agent-workspace/rustup-home:/opt/rustwide/rustup-home:ro,Z" "-e" "SOURCE_DIR=/opt/rustwide/workdir" "-e" "CARGO_TARGET_DIR=/opt/rustwide/target" "-e" "CARGO_HOME=/opt/rustwide/cargo-home" "-e" "RUSTUP_HOME=/opt/rustwide/rustup-home" "-w" "/opt/rustwide/workdir" "-m" "1610612736" "--user" "0:0" "--network" "none" "ghcr.io/rust-lang/crates-build-env/linux@sha256:19e73879b68f455e41552ea35293514db52ea292d993f571636dbffedb77a1ee" "/opt/rustwide/cargo-home/bin/cargo" "+e6e4f7ed1589e03bc2f6c5931c1a72e7947e8682" "metadata" "--no-deps" "--format-version=1", kill_on_drop: false }`
[INFO] [stdout] d4b829c4d78383b88b095464669921b84469cc647bcda20e563afc12b4869f56
[INFO] running `Command { std: "docker" "start" "-a" "d4b829c4d78383b88b095464669921b84469cc647bcda20e563afc12b4869f56", kill_on_drop: false }`
[INFO] running `Command { std: "docker" "inspect" "d4b829c4d78383b88b095464669921b84469cc647bcda20e563afc12b4869f56", kill_on_drop: false }`
[INFO] running `Command { std: "docker" "rm" "-f" "d4b829c4d78383b88b095464669921b84469cc647bcda20e563afc12b4869f56", kill_on_drop: false }`
[INFO] [stdout] d4b829c4d78383b88b095464669921b84469cc647bcda20e563afc12b4869f56
[INFO] running `Command { std: "docker" "create" "-v" "/var/lib/crater-agent-workspace/builds/worker-5-tc2/target:/opt/rustwide/target:rw,Z" "-v" "/var/lib/crater-agent-workspace/builds/worker-5-tc2/source:/opt/rustwide/workdir:ro,Z" "-v" "/var/lib/crater-agent-workspace/cargo-home:/opt/rustwide/cargo-home:ro,Z" "-v" "/var/lib/crater-agent-workspace/rustup-home:/opt/rustwide/rustup-home:ro,Z" "-e" "SOURCE_DIR=/opt/rustwide/workdir" "-e" "CARGO_TARGET_DIR=/opt/rustwide/target" "-e" "CARGO_INCREMENTAL=0" "-e" "RUST_BACKTRACE=full" "-e" "RUSTFLAGS=--cap-lints=forbid" "-e" "RUSTDOCFLAGS=--cap-lints=forbid" "-e" "CARGO_HOME=/opt/rustwide/cargo-home" "-e" "RUSTUP_HOME=/opt/rustwide/rustup-home" "-w" "/opt/rustwide/workdir" "-m" "1610612736" "--user" "0:0" "--network" "none" "ghcr.io/rust-lang/crates-build-env/linux@sha256:19e73879b68f455e41552ea35293514db52ea292d993f571636dbffedb77a1ee" "/opt/rustwide/cargo-home/bin/cargo" "+e6e4f7ed1589e03bc2f6c5931c1a72e7947e8682" "check" "--frozen" "--all" "--all-targets" "--message-format=json", kill_on_drop: false }`
[INFO] [stdout] b86ae6d3a6fb7c7192ef665ff5269251d104e62450e7b5385419cd1f10cfa9db
[INFO] running `Command { std: "docker" "start" "-a" "b86ae6d3a6fb7c7192ef665ff5269251d104e62450e7b5385419cd1f10cfa9db", kill_on_drop: false }`
[INFO] [stderr]    Compiling libc v0.2.126
[INFO] [stderr]    Compiling autocfg v0.1.8
[INFO] [stderr]    Compiling rand_core v0.4.2
[INFO] [stderr]    Compiling log v0.4.17
[INFO] [stderr]    Compiling proc-macro2 v1.0.40
[INFO] [stderr]    Compiling siphasher v0.2.3
[INFO] [stderr]    Compiling quote v1.0.20
[INFO] [stderr]    Compiling unicode-ident v1.0.2
[INFO] [stderr]    Compiling httparse v1.7.1
[INFO] [stderr]    Compiling syn v1.0.98
[INFO] [stderr]     Checking unsafe-any v0.4.2
[INFO] [stderr]     Checking unicode-normalization v0.1.21
[INFO] [stderr]    Compiling serde_derive v1.0.139
[INFO] [stderr]     Checking base64 v0.9.3
[INFO] [stderr]    Compiling serde v1.0.139
[INFO] [stderr]    Compiling rand_chacha v0.1.1
[INFO] [stderr]    Compiling rand_pcg v0.1.2
[INFO] [stderr]    Compiling rand v0.6.5
[INFO] [stderr]    Compiling rand_core v0.3.1
[INFO] [stderr]    Compiling rand_isaac v0.1.1
[INFO] [stderr]    Compiling rand_hc v0.1.0
[INFO] [stderr]    Compiling rand_xorshift v0.1.1
[INFO] [stderr]    Compiling phf_shared v0.7.24
[INFO] [stderr]    Compiling rand_jitter v0.1.4
[INFO] [stderr]    Compiling phf v0.7.24
[INFO] [stderr]     Checking typemap v0.3.3
[INFO] [stderr]     Checking modifier v0.1.0
[INFO] [stderr]     Checking log v0.3.9
[INFO] [stderr]     Checking conduit-mime-types v0.7.3
[INFO] [stderr]     Checking aho-corasick v0.7.18
[INFO] [stderr]     Checking plugin v0.2.6
[INFO] [stderr]     Checking error v0.1.9
[INFO] [stderr]    Compiling serde_json v1.0.82
[INFO] [stderr]     Checking regex-syntax v0.6.27
[INFO] [stderr]     Checking mime v0.2.6
[INFO] [stderr]     Checking lazy_static v0.2.11
[INFO] [stderr]     Checking ryu v1.0.10
[INFO] [stderr]     Checking route-recognizer v0.1.13
[INFO] [stderr]     Checking itoa v1.0.2
[INFO] [stderr]     Checking idna v0.1.5
[INFO] [stderr]     Checking termcolor v1.1.3
[INFO] [stderr]    Compiling rand_os v0.1.3
[INFO] [stderr]     Checking url v1.7.2
[INFO] [stderr]     Checking time v0.1.44
[INFO] [stderr]     Checking num_cpus v1.13.1
[INFO] [stderr]     Checking atty v0.2.14
[INFO] [stderr]     Checking hyper v0.10.16
[INFO] [stderr]    Compiling phf_generator v0.7.24
[INFO] [stderr]    Compiling phf_codegen v0.7.24
[INFO] [stderr]    Compiling mime_guess v1.8.8
[INFO] [stderr]     Checking regex v1.6.0
[INFO] [stderr]     Checking iron v0.5.1
[INFO] [stderr]     Checking logger v0.4.0
[INFO] [stderr]     Checking iron v0.6.1
[INFO] [stderr]     Checking router v0.6.0
[INFO] [stderr]     Checking env_logger v0.7.1
[INFO] [stderr]     Checking uuid v0.7.4
[INFO] [stderr]     Checking chrono v0.4.19
[INFO] [stderr]     Checking web_api v0.1.0 (/opt/rustwide/workdir)
[INFO] [stdout] warning: use of deprecated method `iron::Error::description`: use the Display impl or to_string()
[INFO] [stdout]   --> src/handlers.rs:19:23
[INFO] [stdout]    |
[INFO] [stdout] 19 |                     e.description(),
[INFO] [stdout]    |                       ^^^^^^^^^^^
[INFO] [stdout] ...
[INFO] [stdout] 79 |         let payload = try_handler!(serde_json::to_string(lock!(self.database).posts()));
[INFO] [stdout]    |                       ----------------------------------------------------------------- in this macro invocation
[INFO] [stdout]    |
[INFO] [stdout]    = note: `#[warn(deprecated)]` on by default
[INFO] [stdout]    = note: this warning originates in the macro `try_handler` (in Nightly builds, run with -Z macro-backtrace for more info)
[INFO] [stdout] 
[INFO] [stdout] 
[INFO] [stdout] warning: use of deprecated method `iron::Error::description`: use the Display impl or to_string()
[INFO] [stdout]   --> src/handlers.rs:19:23
[INFO] [stdout]    |
[INFO] [stdout] 19 |                     e.description(),
[INFO] [stdout]    |                       ^^^^^^^^^^^
[INFO] [stdout] ...
[INFO] [stdout] 79 |         let payload = try_handler!(serde_json::to_string(lock!(self.database).posts()));
[INFO] [stdout]    |                       ----------------------------------------------------------------- in this macro invocation
[INFO] [stdout]    |
[INFO] [stdout]    = note: `#[warn(deprecated)]` on by default
[INFO] [stdout]    = note: this warning originates in the macro `try_handler` (in Nightly builds, run with -Z macro-backtrace for more info)
[INFO] [stdout] 
[INFO] [stdout] 
[INFO] [stdout] warning: use of deprecated method `iron::Error::description`: use the Display impl or to_string()
[INFO] [stdout]   --> src/handlers.rs:19:23
[INFO] [stdout]    |
[INFO] [stdout] 19 |                     e.description(),
[INFO] [stdout]    |                       ^^^^^^^^^^^
[INFO] [stdout] ...
[INFO] [stdout] 97 |         try_handler!(req.body.read_to_string(&mut payload));
[INFO] [stdout]    |         --------------------------------------------------- in this macro invocation
[INFO] [stdout]    |
[INFO] [stdout]    = note: this warning originates in the macro `try_handler` (in Nightly builds, run with -Z macro-backtrace for more info)
[INFO] [stdout] 
[INFO] [stdout] 
[INFO] [stdout] warning: use of deprecated method `iron::Error::description`: use the Display impl or to_string()
[INFO] [stdout]   --> src/handlers.rs:19:23
[INFO] [stdout]    |
[INFO] [stdout] 19 |                     e.description(),
[INFO] [stdout]    |                       ^^^^^^^^^^^
[INFO] [stdout] ...
[INFO] [stdout] 97 |         try_handler!(req.body.read_to_string(&mut payload));
[INFO] [stdout]    |         --------------------------------------------------- in this macro invocation
[INFO] [stdout]    |
[INFO] [stdout]    = note: this warning originates in the macro `try_handler` (in Nightly builds, run with -Z macro-backtrace for more info)
[INFO] [stdout] 
[INFO] [stdout] 
[INFO] [stdout] warning: use of deprecated method `iron::Error::description`: use the Display impl or to_string()
[INFO] [stdout]   --> src/handlers.rs:27:59
[INFO] [stdout]    |
[INFO] [stdout] 27 |             Err(e) => return Ok(Response::with(($error, e.description()))),
[INFO] [stdout]    |                                                           ^^^^^^^^^^^
[INFO] [stdout] ...
[INFO] [stdout] 99 |         let post = try_handler!(serde_json::from_str(payload.as_str()), status::BadRequest);
[INFO] [stdout]    |                    ------------------------------------------------------------------------ in this macro invocation
[INFO] [stdout]    |
[INFO] [stdout]    = note: this warning originates in the macro `try_handler` (in Nightly builds, run with -Z macro-backtrace for more info)
[INFO] [stdout] 
[INFO] [stdout] 
[INFO] [stdout] warning: use of deprecated method `iron::Error::description`: use the Display impl or to_string()
[INFO] [stdout]   --> src/handlers.rs:27:59
[INFO] [stdout]    |
[INFO] [stdout] 27 |             Err(e) => return Ok(Response::with(($error, e.description()))),
[INFO] [stdout]    |                                                           ^^^^^^^^^^^
[INFO] [stdout] ...
[INFO] [stdout] 99 |         let post = try_handler!(serde_json::from_str(payload.as_str()), status::BadRequest);
[INFO] [stdout]    |                    ------------------------------------------------------------------------ in this macro invocation
[INFO] [stdout]    |
[INFO] [stdout]    = note: this warning originates in the macro `try_handler` (in Nightly builds, run with -Z macro-backtrace for more info)
[INFO] [stdout] 
[INFO] [stdout] 
[INFO] [stdout] warning: use of deprecated method `iron::Error::description`: use the Display impl or to_string()
[INFO] [stdout]    --> src/handlers.rs:27:59
[INFO] [stdout]     |
[INFO] [stdout] 27  |             Err(e) => return Ok(Response::with(($error, e.description()))),
[INFO] [stdout]     |                                                           ^^^^^^^^^^^
[INFO] [stdout] ...
[INFO] [stdout] 126 |         let id = try_handler!(Uuid::parse_str(post_id), status::BadRequest);
[INFO] [stdout]     |                  ---------------------------------------------------------- in this macro invocation
[INFO] [stdout]     |
[INFO] [stdout]     = note: this warning originates in the macro `try_handler` (in Nightly builds, run with -Z macro-backtrace for more info)
[INFO] [stdout] 
[INFO] [stdout] 
[INFO] [stdout] warning: use of deprecated method `iron::Error::description`: use the Display impl or to_string()
[INFO] [stdout]    --> src/handlers.rs:27:59
[INFO] [stdout]     |
[INFO] [stdout] 27  |             Err(e) => return Ok(Response::with(($error, e.description()))),
[INFO] [stdout]     |                                                           ^^^^^^^^^^^
[INFO] [stdout] ...
[INFO] [stdout] 126 |         let id = try_handler!(Uuid::parse_str(post_id), status::BadRequest);
[INFO] [stdout]     |                  ---------------------------------------------------------- in this macro invocation
[INFO] [stdout]     |
[INFO] [stdout]     = note: this warning originates in the macro `try_handler` (in Nightly builds, run with -Z macro-backtrace for more info)
[INFO] [stdout] 
[INFO] [stdout] 
[INFO] [stdout] warning: use of deprecated method `iron::Error::description`: use the Display impl or to_string()
[INFO] [stdout]    --> src/handlers.rs:27:59
[INFO] [stdout]     |
[INFO] [stdout] 27  |             Err(e) => return Ok(Response::with(($error, e.description()))),
[INFO] [stdout]     |                                                           ^^^^^^^^^^^
[INFO] [stdout] ...
[INFO] [stdout] 129 |             let payload = try_handler!(serde_json::to_string(&post), status::InternalServerError);
[INFO] [stdout]     |                           ----------------------------------------------------------------------- in this macro invocation
[INFO] [stdout]     |
[INFO] [stdout]     = note: this warning originates in the macro `try_handler` (in Nightly builds, run with -Z macro-backtrace for more info)
[INFO] [stdout] 
[INFO] [stdout] 
[INFO] [stdout] warning: use of deprecated method `iron::Error::description`: use the Display impl or to_string()
[INFO] [stdout]    --> src/handlers.rs:27:59
[INFO] [stdout]     |
[INFO] [stdout] 27  |             Err(e) => return Ok(Response::with(($error, e.description()))),
[INFO] [stdout]     |                                                           ^^^^^^^^^^^
[INFO] [stdout] ...
[INFO] [stdout] 129 |             let payload = try_handler!(serde_json::to_string(&post), status::InternalServerError);
[INFO] [stdout]     |                           ----------------------------------------------------------------------- in this macro invocation
[INFO] [stdout]     |
[INFO] [stdout]     = note: this warning originates in the macro `try_handler` (in Nightly builds, run with -Z macro-backtrace for more info)
[INFO] [stdout] 
[INFO] [stdout] 
[INFO] [stdout] error[E0277]: expected a `Fn<(&mut Request<'_, '_>,)>` closure, found `logger::Logger`
[INFO] [stdout]    --> src/main.rs:47:23
[INFO] [stdout]     |
[INFO] [stdout] 47  |     chain.link_before(logger_before);
[INFO] [stdout]     |           ----------- ^^^^^^^^^^^^^ expected an `Fn<(&mut Request<'_, '_>,)>` closure, found `logger::Logger`
[INFO] [stdout]     |           |
[INFO] [stdout]     |           required by a bound introduced by this call
[INFO] [stdout]     |
[INFO] [stdout]     = help: the trait `for<'a, 'b, 'c> Fn<(&'a mut Request<'b, 'c>,)>` is not implemented for `logger::Logger`
[INFO] [stdout]     = help: the following other types implement trait `BeforeMiddleware`:
[INFO] [stdout]               Arc<T>
[INFO] [stdout]               Box<(dyn BeforeMiddleware + 'static)>
[INFO] [stdout]     = note: required for `logger::Logger` to implement `BeforeMiddleware`
[INFO] [stdout] note: required by a bound in `iron::Chain::link_before`
[INFO] [stdout]    --> /opt/rustwide/cargo-home/registry/src/index.crates.io-6f17d22bba15001f/iron-0.6.1/src/middleware/mod.rs:241:14
[INFO] [stdout]     |
[INFO] [stdout] 240 |     pub fn link_before<B>(&mut self, before: B) -> &mut Chain
[INFO] [stdout]     |            ----------- required by a bound in this associated function
[INFO] [stdout] 241 |     where B: BeforeMiddleware {
[INFO] [stdout]     |              ^^^^^^^^^^^^^^^^ required by this bound in `Chain::link_before`
[INFO] [stdout] 
[INFO] [stdout] 
[INFO] [stdout] error[E0277]: expected a `Fn<(&mut Request<'_, '_>,)>` closure, found `logger::Logger`
[INFO] [stdout]    --> src/main.rs:47:23
[INFO] [stdout]     |
[INFO] [stdout] 47  |     chain.link_before(logger_before);
[INFO] [stdout]     |           ----------- ^^^^^^^^^^^^^ expected an `Fn<(&mut Request<'_, '_>,)>` closure, found `logger::Logger`
[INFO] [stdout]     |           |
[INFO] [stdout]     |           required by a bound introduced by this call
[INFO] [stdout]     |
[INFO] [stdout]     = help: the trait `for<'a, 'b, 'c> Fn<(&'a mut Request<'b, 'c>,)>` is not implemented for `logger::Logger`
[INFO] [stdout]     = help: the following other types implement trait `BeforeMiddleware`:
[INFO] [stdout]               Arc<T>
[INFO] [stdout]               Box<(dyn BeforeMiddleware + 'static)>
[INFO] [stdout]     = note: required for `logger::Logger` to implement `BeforeMiddleware`
[INFO] [stdout] note: required by a bound in `iron::Chain::link_before`
[INFO] [stdout]    --> /opt/rustwide/cargo-home/registry/src/index.crates.io-6f17d22bba15001f/iron-0.6.1/src/middleware/mod.rs:241:14
[INFO] [stdout]     |
[INFO] [stdout] 240 |     pub fn link_before<B>(&mut self, before: B) -> &mut Chain
[INFO] [stdout]     |            ----------- required by a bound in this associated function
[INFO] [stdout] 241 |     where B: BeforeMiddleware {
[INFO] [stdout]     |              ^^^^^^^^^^^^^^^^ required by this bound in `Chain::link_before`
[INFO] [stdout] 
[INFO] [stdout] 
[INFO] [stdout] error[E0277]: expected a `Fn<(&mut Request<'_, '_>, Response)>` closure, found `logger::Logger`
[INFO] [stdout]    --> src/main.rs:49:22
[INFO] [stdout]     |
[INFO] [stdout] 49  |     chain.link_after(logger_after);
[INFO] [stdout]     |           ---------- ^^^^^^^^^^^^ expected an `Fn<(&mut Request<'_, '_>, Response)>` closure, found `logger::Logger`
[INFO] [stdout]     |           |
[INFO] [stdout]     |           required by a bound introduced by this call
[INFO] [stdout]     |
[INFO] [stdout]     = help: the trait `for<'a, 'b, 'c> Fn<(&'a mut Request<'b, 'c>, Response)>` is not implemented for `logger::Logger`
[INFO] [stdout]     = help: the following other types implement trait `AfterMiddleware`:
[INFO] [stdout]               Arc<T>
[INFO] [stdout]               Box<(dyn AfterMiddleware + 'static)>
[INFO] [stdout]               handlers::JsonAfterMiddleware
[INFO] [stdout]     = note: required for `logger::Logger` to implement `AfterMiddleware`
[INFO] [stdout] note: required by a bound in `iron::Chain::link_after`
[INFO] [stdout]    --> /opt/rustwide/cargo-home/registry/src/index.crates.io-6f17d22bba15001f/iron-0.6.1/src/middleware/mod.rs:249:14
[INFO] [stdout]     |
[INFO] [stdout] 248 |     pub fn link_after<A>(&mut self, after: A) -> &mut Chain
[INFO] [stdout]     |            ---------- required by a bound in this associated function
[INFO] [stdout] 249 |     where A: AfterMiddleware {
[INFO] [stdout]     |              ^^^^^^^^^^^^^^^ required by this bound in `Chain::link_after`
[INFO] [stdout] 
[INFO] [stdout] 
[INFO] [stdout] error[E0277]: expected a `Fn<(&mut Request<'_, '_>, Response)>` closure, found `logger::Logger`
[INFO] [stdout]    --> src/main.rs:49:22
[INFO] [stdout]     |
[INFO] [stdout] 49  |     chain.link_after(logger_after);
[INFO] [stdout]     |           ---------- ^^^^^^^^^^^^ expected an `Fn<(&mut Request<'_, '_>, Response)>` closure, found `logger::Logger`
[INFO] [stdout]     |           |
[INFO] [stdout]     |           required by a bound introduced by this call
[INFO] [stdout]     |
[INFO] [stdout]     = help: the trait `for<'a, 'b, 'c> Fn<(&'a mut Request<'b, 'c>, Response)>` is not implemented for `logger::Logger`
[INFO] [stdout]     = help: the following other types implement trait `AfterMiddleware`:
[INFO] [stdout]               Arc<T>
[INFO] [stdout]               Box<(dyn AfterMiddleware + 'static)>
[INFO] [stdout]               handlers::JsonAfterMiddleware
[INFO] [stdout]     = note: required for `logger::Logger` to implement `AfterMiddleware`
[INFO] [stdout] note: required by a bound in `iron::Chain::link_after`
[INFO] [stdout]    --> /opt/rustwide/cargo-home/registry/src/index.crates.io-6f17d22bba15001f/iron-0.6.1/src/middleware/mod.rs:249:14
[INFO] [stdout]     |
[INFO] [stdout] 248 |     pub fn link_after<A>(&mut self, after: A) -> &mut Chain
[INFO] [stdout]     |            ---------- required by a bound in this associated function
[INFO] [stdout] 249 |     where A: AfterMiddleware {
[INFO] [stdout]     |              ^^^^^^^^^^^^^^^ required by this bound in `Chain::link_after`
[INFO] [stdout] 
[INFO] [stdout] 
[INFO] [stdout] error: aborting due to 2 previous errors; 5 warnings emitted
[INFO] [stdout] 
[INFO] [stdout] 
[INFO] [stdout] For more information about this error, try `rustc --explain E0277`.
[INFO] [stdout] 
[INFO] [stdout] error: aborting due to 2 previous errors; 5 warnings emitted
[INFO] [stdout] 
[INFO] [stdout] 
[INFO] [stdout] For more information about this error, try `rustc --explain E0277`.
[INFO] [stdout] 
[INFO] [stderr] error: could not compile `web_api` (bin "web_api") due to 3 previous errors; 5 warnings emitted
[INFO] [stderr] warning: build failed, waiting for other jobs to finish...
[INFO] [stderr] error: could not compile `web_api` (bin "web_api" test) due to 3 previous errors; 5 warnings emitted
[INFO] running `Command { std: "docker" "inspect" "b86ae6d3a6fb7c7192ef665ff5269251d104e62450e7b5385419cd1f10cfa9db", kill_on_drop: false }`
[INFO] running `Command { std: "docker" "rm" "-f" "b86ae6d3a6fb7c7192ef665ff5269251d104e62450e7b5385419cd1f10cfa9db", kill_on_drop: false }`
[INFO] [stdout] b86ae6d3a6fb7c7192ef665ff5269251d104e62450e7b5385419cd1f10cfa9db
